 the remainder when k is divided by 28?
23
Let i(v) = 5*v**2 - v + 14. Calculate the remainder when i(5) is divided by 46.
42
Let s = 52 + 27. Let o = s + -56. What is the remainder when 159 is divided by o?
21
Let y be -9 + 7/(35/15). Calculate the remainder when 95 is divided by y - (-208)/36 - (-580)/18.
31
Let p = 43 - 31. Suppose j + p = -4*s, -4*j + 2*s = j - 50. Suppose c + 4*u - 25 = 0, -4*c + 4*u + 23 = -17. What is the remainder when c is divided by j?
5
Calculate the remainder when 8520/100 - 27/(-15) is divided by 80.
7
Suppose 0 = -2*w - 6, -3*p - 16 = 4*w + 8. What is the remainder when 135 is divided by ((-483)/(-12))/(-7)*p?
20
Suppose 7*o - 3*o - 18 = -2*f, 5*f = -4*o + 45. Suppose -7*s + 107 = f. Calculate the remainder when s is divided by 4.
2
Suppose -2*o = o - 15. Suppose o*f - 9 = 2*f. Let p = -3830 + 3832. What is the remainder when f is divided by p?
1
Let v = -1583 + 1584. Calculate the remainder when 10 is divided by v.
0
Let b = -11 + 7. Suppose 3*y - 4*k = 73, -5*y + 0*k - 5*k + 75 = 0. What is the remainder when 79 is divided by y - (-4 + b + 7)?
19
Let i(d) = -2*d + 39. Calculate the remainder when i(-11) is divided by 31.
30
Let r(d) = -2*d**3 - d**2 - 3*d + 4. Calculate the remainder when r(-3) is divided by 11.
3
Let q(r) = 9*r**3 + r**2 - r + 1. Calculate the remainder when 66 is divided by q(1).
6
Calculate the remainder when 3*(12/(-21) + 514/42) is divided by 9.
8
Let b = 87 + -85. Suppose b*f = -0*f + z + 66, 43 = f - 3*z. Calculate the remainder when f is divided by 16.
15
Let l = -210 + 221. Calculate the remainder when 129 is divided by l.
8
Let z(x) = 29*x - 1. Let n(w) = -2*w**2 - 4*w + 1. Let y be n(-4). Let l = 16 + y. What is the remainder when z(l) is divided by 15?
13
Let i(p) = -p**3 - 4*p**2 + 3*p + 5. Let y be 1*((3 - 1) + -1). Let b = -4 - y. Calculate the remainder when 27 is divided by i(b).
12
Suppose -23*p + 29*p = 186. Calculate the remainder when p is divided by 8.
7
Suppose 5*j + 3*h = 140, -j - 9 + 37 = 4*h. Calculate the remainder when 137 is divided by j.
25
Let u = -28 - -56. Suppose -4*h + u = -h - 4*y, -h - 5*y = -3. What is the remainder when 21 is divided by h?
5
Let q(s) = s**3 + 4*s**2 + 8*s + 4. Let j be q(-3). Calculate the remainder when 28 is divided by (-3 - -2)*(j - (-9)/3).
4
Let u = -29 + 28. What is the remainder when u/(96/(-93) + (1 - 0)) is divided by 12?
7
Let d be 1/(-1)*26/(-2). Suppose y + d = 30. Let j(i) = 3*i**2 - 40*i + 165. Calculate the remainder when j(7) is divided by y.
15
Let c = 24751 + -24726. What is the remainder when c is divided by (-60)/(-14) + (-4)/14?
1
Let s(i) = -i**2 - 9*i + 5. Let f = 100 + -5. What is the remainder when f is divided by s(-4)?
20
Let m(n) = -n**3 - 8*n**2 + 5 - 3*n**3 + 3*n**3. Let o be m(-8). Suppose -o*k + 55 = 5*h, k - 2*k - 3*h + 15 = 0. What is the remainder when 25 is divided by k?
7
Suppose 0 = 636*k - 623*k - 377. Calculate the remainder when -5 + 4 - (1 + -88) is divided by k.
28
Let s = -113 - -157. Suppose -s*p = -43*p - 51. Calculate the remainder when p is divided by 18.
15
Calculate the remainder when 118 is divided by 3 - (-4)/(-3)*105/(-5).
25
Suppose 0 = -2*s - 3*s + 45. Let b = s + 3. Let m = 109 + -62. Calculate the remainder when m is divided by b.
11
Calculate the remainder when 47*1 + -1 + 5 - 3 is divided by 11.
4
Let l(h) = 13*h + 6. Let y(c) = c**3 - 5*c**2 - c + 8. Let w be y(5). Suppose w*x - 38 = 13. Calculate the remainder when l(6) is divided by x.
16
Suppose 454 = 4*u + f, -2*u - 5*f = -341 + 123. Let s = -12 + u. Calculate the remainder when s is divided by 13.
11
Suppose 0 = -32*g + 24*g + 416. Let d be (-1)/(-3) + (-1)/3. Let r = 18 - d. Calculate the remainder when g is divided by r.
16
What is the remainder when 108 is divided by 1*9*((-116)/12 + 10)?
0
Let y = 49 - -115. Suppose 0*u = 2*u - y. What is the remainder when u is divided by 21?
19
Let y = -404 + 541. What is the remainder when y is divided by 24?
17
Let i be ((-2)/4)/(4/(-3216)). What is the remainder when (-4)/(-14) - i/(-14) is divided by (6/5)/((-321)/(-2675))?
9
Let r(g) = -17*g + 5. Let q = -29 + 48. Calculate the remainder when r(-4) is divided by q.
16
Suppose 5*b = 2*f + 539, 104 = 2*b - 4*f - 102. Calculate the remainder when b is divided by 70.
39
Suppose 14 = -3*b + 2. What is the remainder when 17 is divided by 10/((-3 - b)/1)?
7
Suppose -5*i = -a - 21, 5*a = a + 16. Let u(q) = -q**3 - 4*q**2 + 4*q + 6. Let m(x) = x. Let d be m(-5). Calculate the remainder when u(d) is divided by i.
1
Suppose 2*j - 4*u - 970 = j, 0 = -2*u - 8. Calculate the remainder when j is divided by 29.
26
Suppose 83*b - 1408 = 75*b. Calculate the remainder when b is divided by 49.
29
Let h(l) = -l**2 + 4*l + 150. Suppose p = -0*p. What is the remainder when h(p) is divided by 17?
14
Let p(j) = -j**3 + 2*j**2 - 3*j + 1. Let n(y) = 2*y**3 - y**2 + 3*y - 2. Let r(z) = -3*n(z) - 4*p(z). Calculate the remainder when r(-4) is divided by 5.
3
Let s(i) = -i**2 + 8*i + 7. Let q = 7 + 8. Suppose n + q = 4*f, -5*n - 4*f + 3*f + 30 = 0. What is the remainder when s(7) is divided by n?
4
Suppose 2*l + 171*p - 168*p - 749 = 0, -4*l + 5*p + 1553 = 0. Calculate the remainder when l is divided by 14.
4
Let n(l) = 39*l + 46. Let u(v) = v + 8. Calculate the remainder when n(-1) is divided by u(-6).
1
Let g(z) = z**3 - 5*z**2 + 18*z + 5. What is the remainder when g(7) is divided by 7?
5
Let m(f) = f**3 - 23*f**2 + 20*f + 59. Let n(v) = 14*v**2 - 2*v - 3. Calculate the remainder when n(-2) is divided by m(22).
12
Let u(i) = -i**2 - 5*i + 3. Let t be ((-6)/3)/(14/21). Let a be u(t). Suppose -7*x = -a*x + 122. Calculate the remainder when x is divided by 31.
30
Suppose 4*i - 72 = 4*y, -3*i - y + 5 = -49. Let b = 179 + -126. What is the remainder when b is divided by i?
17
Suppose -3*a + 3*j - 9 = 0, a + 3*j = -a - 6. What is the remainder when (-1)/((-411)/(-138) + a) is divided by 12?
10
Let l = -348 - -593. Calculate the remainder when l is divided by 14.
7
Let n = 245 + -221. Calculate the remainder when 213 is divided by n.
21
Let g(t) = 2*t**2. Let k be g(1). Suppose -7 = -k*c + 5. Calculate the remainder when 9 is divided by c.
3
Let v(t) be the third derivative of -5*t**4/24 + t**3/3 + 3*t**2. Let s be v(6). Let x = s + 39. What is the remainder when 43 is divided by x?
10
Let h(s) be the second derivative of s**3/3 - s**2/2 + 4*s. Calculate the remainder when h(7) is divided by 8.
5
Suppose -28*a + 15 = -23*a. Suppose a*x + 171 = 3*k, -4*k = k - 3*x - 295. What is the remainder when k is divided by 18?
8
Suppose 2*h = -8, 2*h + 188 = 4*b - 228. What is the remainder when b is divided by 18?
12
Let z be (-56)/(-10) - 3/5. Suppose -z*b + 5*r + 65 = 0, -5*b - 9 + 114 = 3*r. What is the remainder when 67 is divided by b?
13
Suppose 4*f + 8 = -2*v, 0 = -f - 2*f. Let g(n) = n**2 - 7*n - 14. What is the remainder when 59 is divided by g(v)?
29
Suppose v - 2*f = 10, 4*v + 5 = 2*f - 3*f. Let q(m) = 6*m + 139. Calculate the remainder when q(v) is divided by 35.
34
Suppose -70 = -3*t - 5*j + 79, 5*t = -3*j + 227. What is the remainder when 126 is divided by t?
40
Let y = 34 + -36. Let v(n) = 50*n**2 - 5*n - 5. Let j be v(y). Suppose -5*g + 10*g = j. What is the remainder when g is divided by 14?
13
Let i(u) = -4*u - 2. Let x = 30 + 18. What is the remainder when x is divided by i(-5)?
12
Let h(y) = y**2 + 4*y - 4. What is the remainder when 163 is divided by h(6)?
51
Let x(f) = 42*f**2 - 9*f - 23. What is the remainder when x(-2) is divided by 66?
31
What is the remainder when (-705)/9*(-180)/75 is divided by 20?
8
Let k(t) = -2*t**3 - 78*t**2 - 82*t - 64. Calculate the remainder when k(-38) is divided by 25.
14
What is the remainder when -4 - (-48)/(-1)*(0 + -1) is divided by 39?
5
Suppose -2*g + 2 = -6. Suppose -74 = g*p - 198. What is the remainder when p is divided by 8?
7
Let m = 24 - 26. Let u(d) = -5*d - 6. Let y be u(m). Suppose -y*j + 84 = -j. Calculate the remainder when j is divided by 15.
13
Let g = -117 + 165. What is the remainder when g/32*(-16)/(-3) is divided by 3?
2
Calculate the remainder when 185 is divided by ((-594)/(-36))/(15/10).
9
Let y = -13 + 21. Let b = 17 - y. Calculate the remainder when (-152)/(-10) + (-3)/15 is divided by b.
